me factors of 27527.
27527
What are the prime factors of 8745?
3, 5, 11, 53
What are the prime factors of 2233?
7, 11, 29
What are the prime factors of 64679?
64679
List the prime factors of 2775.
3, 5, 37
List the prime factors of 2561.
13, 197
What are the prime factors of 100?
2, 5
List the prime factors of 90073.
90073
List the prime factors of 13035.
3, 5, 11, 79
What are the prime factors of 6176?
2, 193
List the prime factors of 43427.
43427
List the prime factors of 2659.
2659
List the prime factors of 21784.
2, 7, 389
List the prime factors of 118898.
2, 13, 17, 269
What are the prime factors of 21594?
2, 3, 59, 61
What are the prime factors of 6869?
6869
List the prime factors of 1485.
3, 5, 11
List the prime factors of 30949.
30949
What are the prime factors of 12572?
2, 7, 449
List the prime factors of 59892.
2, 3, 7, 23, 31
What are the prime factors of 7247?
7247
What are the prime factors of 3156?
2, 3, 263
What are the prime factors of 2760?
2, 3, 5, 23
What are the prime factors of 2660?
2, 5, 7, 19
What are the prime factors of 8941?
8941
What are the prime factors of 787?
787
List the prime factors of 1019.
1019
What are the prime factors of 27777?
3, 47, 197
List the prime factors of 8448.
2, 3, 11
What are the prime factors of 278?
2, 139
List the prime factors of 10982.
2, 17, 19
What are the prime factors of 3250?
2, 5, 13
What are the prime factors of 2497?
11, 227
List the prime factors of 41776.
2, 7, 373
List the prime factors of 450.
2, 3, 5
What are the prime factors of 33624?
2, 3, 467
List the prime factors of 19007.
83, 229
List the prime factors of 2927.
2927
List the prime factors of 42474.
2, 3, 7079
List the prime factors of 16966.
2, 17, 499
What are the prime factors of 565?
5, 113
List the prime factors of 2572.
2, 643
What are the prime factors of 3478?
2, 37, 47
What are the prime factors of 578?
2, 17
List the prime factors of 47606.
2, 13, 1831
What are the prime factors of 3077?
17, 181
List the prime factors of 714.
2, 3, 7, 17
What are the prime factors of 117944?
2, 23, 641
What are the prime factors of 4151?
7, 593
What are the prime factors of 74294?
2, 11, 307
What are the prime factors of 16086?
2, 3, 7, 383
List the prime factors of 5119.
5119
What are the prime factors of 283?
283
List the prime factors of 26047.
7, 61
What are the prime factors of 45272?
2, 5659
List the prime factors of 67844.
2, 7, 2423
What are the prime factors of 137366?
2, 68683
What are the prime factors of 1236?
2, 3, 103
What are the prime factors of 962?
2, 13, 37
What are the prime factors of 866?
2, 433
List the prime factors of 2338.
2, 7, 167
List the prime factors of 14476.
2, 7, 11, 47
List the prime factors of 20058.
2, 3, 3343
List the prime factors of 160.
2, 5
List the prime factors of 1386.
2, 3, 7, 11
What are the prime factors of 1957?
19, 103
List the prime factors of 11253.
3, 11, 31
List the prime factors of 30496.
2, 953
List the prime factors of 4.
2
List the prime factors of 1621.
1621
List the prime factors of 112759.
112759
What are the prime factors of 4536?
2, 3, 7
List the prime factors of 61531.
37, 1663
What are the prime factors of 31721?
31721
List the prime factors of 33095.
5, 6619
List the prime factors of 34680.
2, 3, 5, 17
What are the prime factors of 3256?
2, 11, 37
List the prime factors of 3341.
13, 257
What are the prime factors of 531?
3, 59
List the prime factors of 6344.
2, 13, 61
What are the prime factors of 16444?
2, 4111
List the prime factors of 17708.
2, 19, 233
List the prime factors of 65796.
2, 3, 5483
List the prime factors of 3957.
3, 1319
What are the prime factors of 4961?
11, 41
What are the prime factors of 51575?
5, 2063
List the prime factors of 2772.
2, 3, 7, 11
What are the prime factors of 57459?
3, 107, 179
List the prime factors of 3341.
13, 257
List the prime factors of 1244.
2, 311
List the prime factors of 11627.
7, 11, 151
What are the prime factors of 12192?
2, 3, 127
What are the prime factors of 2026?
2, 1013
What are the prime factors of 2524?
2, 631
What are the prime factors of 23795?
5, 4759
List the prime factors of 82407.
3, 13, 2113
What are the prime factors of 99321?
3, 33107
List the prime factors of 77803.
11, 643
What are the prime factors of 85269?
3, 43, 661
What are the prime factors of 3180?
2, 3, 5, 53
List the prime factors of 13057.
11, 1187
What are the prime factors of 18321?
3, 31, 197
List the prime factors of 1853.
17, 109
List the prime factors of 3327.
3, 1109
List the prime factors of 7187.
7187
What are the prime factors of 23856?
2, 3, 7, 71
What are the prime factors of 19824?
2, 3, 7, 59
What are the prime factors of 1199?
11, 109
What are the prime factors of 73881?
3, 8209
What are the prime factors of 1194?
2, 3, 199
What are the prime factors of 949?
13, 73
What are the prime factors of 3802?
2, 1901
What are the prime factors of 3692?
2, 13, 71
What are the prime factors of 653?
653
What are the prime factors of 45779?
45779
List the prime factors of 4874.
2, 2437
List the prime factors of 2197.
13
List the prime factors of 488.
2, 61
List the prime factors of 21114.
2, 3, 17, 23
What are the prime factors of 11663?
107, 109
What are the prime factors of 11873?
31, 383
What are the prime factors of 406?
2, 7, 29
List the prime factors of 4163.
23, 181
What are the prime factors of 567?
3, 7
List the prime factors of 548.
2, 137
List the prime factors of 450.
2, 3, 5
What are the prime factors of 41179?
41179
What are the prime factors of 28705?
5, 5741
List the prime factors of 1807.
13, 139
What are the prime factors of 531?
3, 59
List the prime factors of 550.
2, 5, 11
What are the prime factors of 312?
2, 3, 13
What are the prime factors of 1588?
2, 397
List the prime factors of 7017.
3, 2339
What are the prime factors of 4155?
3, 5, 277
What are the prime factors of 70516?
2, 17, 61
What are the prime factors of 2474?
2, 1237
What are the prime factors of 2610?
2, 3, 5, 29
List the prime factors of 49030.
2, 5, 4903
What are the prime factors of 1431?
3, 53
List the prime factors of 1131.
3, 13, 29
What are the prime factors of 25024?
2, 17, 23
What are the prime factors of 72446?
2, 11, 37, 89
What are the prime factors of 4669?
7, 23, 29
List the prime factors of 5379.
3, 11, 163
List the prime factors of 16675.
5, 23, 29
What are the prime factors of 1976?
2, 13, 19
List the prime factors of 2961.
3, 7, 47
List the prime factors of 714.
2, 3, 7, 17
What are the prime factors of 1273?
19, 67
What are the prime factors of 5419?
5419
List the prime factors of 1698.
2, 3, 283
List the prime factors of 3224.
2, 13, 31
What are the prime factors of 306?
2, 3, 17
List the prime factors of 2185.
5, 19, 23
What are the prime factors of 9261?
3, 7
List the prime factors of 4128.
2, 3, 43
What are the prime factors of 5368?
2, 11, 61
What are the prime factors of 20100?
2, 3, 5, 67
What are the prime factors of 1258?
2, 17, 37
List the prime factors of 28762.
2, 73, 197
What are the prime factors of 17855?
5, 3571
List the prime factors of 4022.
2, 2011
What are the prime factors of 25339?
25339
List the prime factors of 7800.
2, 3, 5, 13
List the prime factors of 40603.
19, 2137
List the prime factors of 4341.
3, 1447
What are the prime factors of 69484?
2, 29, 599
What are the prime factors of 1429?
1429
List the prime factors of 14431.
14431
List the prime factors of 1258.
2, 17, 37
What are the prime factors of 15607?
15607
What are the prime factors of 1203?
3, 401
List the prime factors of 720.
2, 3, 5
List the prime factors of 26194.
2, 7, 1871
List the prime factors of 56982.
2, 3, 9497
What are the prime factors of 1876?
2, 7, 67
What are the prime factors of 3371?
3371
List the prime factors of 33036.
2, 3, 2753
What are the prime factors of 33011?
11, 3001
List the prime factors of 2101.
11, 191
What are the prime factors of 23879?
23879
What are the prime factors of 15036?
2, 3, 7, 179
List the prime factors of 2348.
2, 587
What are the prime factors of 2781?
3, 103
What are the prime factors of 6797?
7, 971
List the prime factors of 1103.
1103
List the prime factors of 3481.
59
List the prime factors of 733.
733
What are the prime factors of 50870?
2, 5, 5087
What are the prime factors of 16514?
